0 - 4)/(4/2). Let k = w - i. What is the units digit of k?
3
Let i be 2 + -5 + 11 - 2. Suppose i*k = 7*k. Suppose k = -3*f + 2 + 1, -2*p - 2*f + 160 = 0. What is the units digit of p?
9
Let h = 18 + 2403. What is the tens digit of h?
2
Let a = 4 + -7. Suppose -3*p + 25*j = 22*j - 162, 20 = 5*j. What is the units digit of -2 + p + a + -1?
2
Let f(j) = 3*j**2 + 68*j + 6. Suppose -3*n = -2*c - 0 - 5, -1 = n + 2*c. Let w be n + 7 + -4 - (-28)/(-1). What is the tens digit of f(w)?
0
Suppose -4*r - 15*i + 18*i + 58 = 0, 5*r = -2*i + 84. Suppose -r = 4*d, -4*w + 4372 = -0*w + 5*d. What is the tens digit of w?
9
Let o(a) = 137*a**2 - 20*a - 36. Let z be o(-2). Suppose -z = -4*h + 4*u, -22 + 20 = -2*u. What is the tens digit of h?
3
Suppose 0 = 4061*u - 4060*u - 9333. What is the tens digit of u?
3
Let z be (-2)/8 + 2/8. Suppose -111*i + 107*i + 20 = 0. Suppose 0 = -i*o - z*o + 250. What is the units digit of o?
0
Suppose -1117256 = -96*q + 411997 + 341115. What is the ten thousands digit of q?
1
Suppose -2*n - 5 = -11. Let l(v) = v**2 - 10*v + 23. Let x be l(n). Suppose r = -4*u + 299, -287 = -x*r + r + 2*u. What is the tens digit of r?
9
Let b = -28067 - -33528. What is the hundreds digit of b?
4
Suppose 60*r - 32*r - 1544602 = -46*r. What is the hundreds digit of r?
8
Suppose 22 = -2*q + 4*q. Suppose -k = -6*k + 2*z - 15, q = -k + 2*z. What is the tens digit of 8 + k/((-4)/(-36)*-3)?
1
Let q(x) = x**3 - 77*x**2 - 75*x - 117. What is the ten thousands digit of q(80)?
1
Suppose 7*b - 4 = 5*b. What is the units digit of b/1*(-39)/(-2)?
9
Suppose 0 = 5*t + 2*o - 420, -3*t + 38 = -o - 225. Suppose 0 = -8*b + 135 - 655. Let v = t + b. What is the tens digit of v?
2
Let y be (15 - -1)*2/(14 - 6). Suppose 12*h = y*h + 872. What is the units digit of h?
9
Suppose -5*r = 331*s - 336*s + 66980, -3*s + 2*r + 40193 = 0. What is the tens digit of s?
0
Let q = -20 - -50. Suppose -3*a + 3*z = -z - 31, -5*z = -2*a + q. Suppose 0 = -t - a*u + 15, -3*t - u = -59. What is the tens digit of t?
2
Let y(k) = k + 1 - 7 - 2. Let l be y(-8). Let a(s) = -s**2 - 28*s - 20. What is the units digit of a(l)?
2
Let k(c) = 319*c**2 + 82*c + 835. What is the hundreds digit of k(-14)?
2
Suppose 0 = -0*l + l - 2. Suppose 5*w - 22 = -j, w - 10 = -5*j + 4. Suppose 4*u - w*i - 288 = 0, u - 21 - 46 = l*i. What is the tens digit of u?
7
Let s(h) = -h**3 + 35*h**2 + 592*h + 85. What is the hundreds digit of s(-25)?
7
Suppose -14168*i + 14151*i + 1259037 = 0. What is the ten thousands digit of i?
7
Suppose 0 = 5*g - 5*r - 12935, -4*g + 3*g = 5*r - 2575. Suppose -b = -3*h + 1545, 5*b + 0*b + g = 5*h. What is the units digit of h?
4
Suppose -105 = -32*o - 3*o. Suppose -z - 5*f = -936, o*z - 4*z = -2*f - 943. What is the tens digit of z?
4
Let p(z) = 3*z**2 + 6*z + 133. Let f = 1 + 4. Let c(j) = 3*j**2 + 5*j + 133. Let o(u) = f*c(u) - 4*p(u). What is the tens digit of o(0)?
3
Let c be 10/25 - 156/(-10). Suppose 2*j - j = -3*l - 9, 0 = 4*l + c. Suppose -5*v = -36 + 11, j*v + 75 = 3*k. What is the tens digit of k?
3
Let w = 1233 - 636. Suppose 69*k = 72*k - w. What is the units digit of k?
9
Let b(u) be the first derivative of 14*u**2 - 64*u + 258. What is the tens digit of b(4)?
4
Let a(k) = -244*k - 7. Let q be (20 - 21)/(3 + (-3 - -1)). Let b be a(q). Let m = 363 - b. What is the units digit of m?
6
Let t = -20 - 6. Let o be -5*(t/10 - -4). Let g(i) = i**3 + 10*i**2 + 6*i - 7. What is the tens digit of g(o)?
9
Let c(a) = -126*a**3 + 6*a**2 + 4*a - 3. Let o(l) = 62*l**3 - 3*l**2 - 2*l + 2. Let i(b) = -6*c(b) - 13*o(b). What is the tens digit of i(-3)?
6
Let k = 8989 - 2489. What is the thousands digit of k?
6
Suppose a - 4*x = 92, -250 = -5*a - 2*x + 276. Suppose 0 = -0*h + 19*h - 4484. Let l = h - a. What is the units digit of l?
2
Let r(c) be the third derivative of c**6/120 - c**5/20 - c**4/12 + 15*c**2. Let x be r(2). Let k(n) = -n**3 - 6*n**2 + 7*n - 14. What is the tens digit of k(x)?
5
Let x(h) = h**2 + 9*h - 31. Let i be x(-12). Suppose i*w = -a + 9923, 3*a + 3959 = -71*w + 73*w. What is the thousands digit of w?
1
Let m be (-9 - (-8 - -2))*2. Let k(l) = 22*l**2 - 24*l - 23. What is the units digit of k(m)?
3
Suppose 22*m = 78*m - 325752. What is the thousands digit of m?
5
Suppose -135*l = -1191082 - 402593. What is the hundreds digit of l?
8
Let b = 21 - 34. Let f be ((14/4)/1)/(1/14). Let c = f + b. What is the tens digit of c?
3
Let h(a) be the third derivative of a**5/20 + 13*a**4/8 + a**3/3 - 9*a**2 - 10. What is the units digit of h(16)?
4
Let a(w) = 262*w - 85*w + 43*w - 32*w - 79 + 183*w. What is the tens digit of a(4)?
0
Let y(p) = 297*p - 1013. What is the units digit of y(70)?
7
Let c = -3630 + 4531. What is the units digit of c?
1
Suppose 3 = -4*z + 3*s - 212, 4*z + 2*s = -190. Let r = 407 + z. What is the units digit of r?
7
Let d(q) = 9*q**2 - 2*q - 2. Let n be d(-1). What is the tens digit of n/21 + 411/21?
2
Let p be 4/12*9 - -6688. Suppose -1266 + p = 5*w. What is the hundreds digit of w?
0
What is the units digit of ((-68)/8)/(83/(-520078))?
1
Suppose 1479643 + 1456678 = 213*a - 806728. What is the thousands digit of a?
7
Let n = -160 - -282. Suppose 5*c = 6*c + n. What is the tens digit of 1 + -3 - c/2?
5
Suppose -i = 3*i - 240. Suppose -2*a - i = 8*a. What is the units digit of (1335/(-10))/(a/8)?
8
Let f be (-2)/(0 + 10/(-115))*113. Suppose 9*q - 32*q = -f. What is the hundreds digit of q?
1
Suppose -3*i - i + 27648 = -0*i. What is the tens digit of i?
1
Suppose 2*f + 4*m + 24 = 2*m, -3*f - 2*m - 32 = 0. Let j = f + 5. What is the units digit of 5 - (j + 7 + -94)?
5
Suppose 2*m + 2*s = -2*m + 36, -5*m + 42 = s. Let p(f) = -13*f - 202. Let x be p(-17). Suppose -x = -m*z + 117. What is the tens digit of z?
1
Let t = -111 - -122. Suppose t*j = -j + 36. What is the tens digit of 44 + 1 + (j - 3)/3?
4
Let z(d) = 21*d - 5*d + 16 + 2 + 12. Let u be z(-7). Let n = u - -161. What is the units digit of n?
9
Let r be (-6)/8 - 171/(-36). Suppose -2*z + r*q + 1019 = 3*q, 0 = z + 2*q - 502. What is the tens digit of z?
0
Let h(v) = v**3 - 12*v**2 + 189*v + 256. What is the hundreds digit of h(32)?
7
Let n(q) be the second derivative of -27*q**3/2 + 7*q**2 - 6*q + 2. What is the tens digit of n(-4)?
3
Let z(a) = 5*a**3 - a**2 + 2. Let g(f) = 16*f**3 - 3*f**2 + 5. Let m(q) = 4*g(q) - 11*z(q). What is the tens digit of m(2)?
6
Let s(i) = -i**3 - 11*i**2 + 6*i + 160. Let q be s(-10). Let f(m) = 10*m + 105. What is the tens digit of f(q)?
0
Let a(p) = p**3 + 2*p**2 + 3*p + 20. Let o be a(-3). What is the tens digit of 2/7 - (o - 18210/14)?
9
Let p be (-3)/(-2) + ((-2)/(-4) - 0). Suppose 6*y - y = -3*i + 11, 0 = -y - 2*i - p. Suppose 4*z - 197 - 202 = -d, -y*z + 401 = -d. What is the tens digit of z?
0
Suppose 0 = -g + 3429 + 1481 + 8356. What is the units digit of g?
6
Let j(p) be the second derivative of p**4/6 - p**3/2 + 91*p**2/2 - 109*p. What is the units digit of j(15)?
6
Let s = 136 + 179. Suppose 21*v - 116 = -8*v. Suppose -5*p = -5*j - s, -v*j + 3*j = 3. What is the tens digit of p?
6
Let z be 2/1 + (40 - -2). Let b(n) = 3*n**2 - 169*n + 102. Let u be b(56). Let w = u + z. What is the tens digit of w?
9
Let z = -9332 - -30840. What is the thousands digit of z?
1
Suppose 161 = 3*g - 2*d, 2*g + 114 = 4*g - 3*d. Let q = g - 51. Suppose q*y + 4*y = 492. What is the tens digit of y?
2
Let o(d) = 39*d**3 + 2*d**2 + d. Let g(q) = -q**3 + 2*q**2 + 11*q - 22. Let a be g(3). What is the units digit of o(a)?
2
Let s be ((-16)/(-5))/(1*(-4)/(-10)). Suppose 2*g - s = p, g + 3 = 3*p + 2. Suppose -p*r + 72 = 5*t - 0*r, -3 = -3*r. What is the units digit of t?
4
Let g(c) = c**3 + 21*c**2 + 54*c - 49. What is the units digit of g(-14)?
7
Suppose -3*q - k + 16646 = 0, -18*k - 5538 = -q - 13*k. What is the thousands digit of q?
5
Let l = 478 - 495. Let i(t) be the first derivative of -7*t**2 + 7*t + 2. What is the units digit of i(l)?
5
Let h = 63377 + -21335. What is the hundreds digit of h?
0
Suppose r + h = 50221, 150653 = -0*r + 3*r + h. What is the hundreds digit of r?
2
Suppose 18853 = 11*t - 37830. What is the tens digit of t?
5
What is the hundreds digit of (54712/196)/(58/14 - 4)?
9
What is the thousands digit of 21240*(2/(-5))/(((-1092)/105)/13)?
0
Let r = 46 + -48. What is the t